ase 6.
53
-3 (base 4) to base 8
-3
9 (base 10) to base 12
9
23 (base 5) to base 3
111
What is ab (base 14) in base 13?
b8
What is -a1 (base 14) in base 10?
-141
What is 5 (base 16) in base 10?
5
What is 2 (base 4) in base 12?
2
What is -12 (base 4) in base 11?
-6
-2 (base 11) to base 16
-2
What is 18 (base 14) in base 9?
24
27 (base 12) to base 13
25
Convert -3 (base 6) to base 3.
-10
29 (base 16) to base 6
105
Convert 10 (base 2) to base 12.
2
Convert -102 (base 4) to base 11.
-17
Convert 10012 (base 3) to base 13.
68
-3 (base 12) to base 4
-3
Convert 16 (base 14) to base 13.
17
2 (base 6) to base 12
2
What is 23 (base 13) in base 4?
131
Convert -1 (base 15) to base 8.
-1
What is -205 (base 11) in base 5?
-1442
What is 3 (base 7) in base 8?
3
-b (base 16) to base 2
-1011
Convert -11100110 (base 2) to base 4.
-3212
Convert -4 (base 14) to base 8.
-4
Convert 11 (base 13) to base 6.
22
What is 9 (base 16) in base 5?
14
What is 37 (base 9) in base 2?
100010
Convert 11101010 (base 2) to base 8.
352
477 (base 8) to base 10
319
What is 8 (base 14) in base 9?
8
What is 1 (base 16) in base 6?
1
What is 4 (base 11) in base 12?
4
Convert 302 (base 8) to base 6.
522
-17 (base 8) to base 3
-120
b (base 16) to base 5
21
What is -50 (base 9) in base 14?
-33
Convert 0 (base 4) to base 6.
0
What is 30 (base 4) in base 6?
20
-1a (base 12) to base 2
-10110
What is 2 (base 10) in base 7?
2
Convert 4 (base 11) to base 15.
4
212 (base 4) to base 14
2a
-198 (base 10) to base 8
-306
Convert -38 (base 10) to base 6.
-102
Convert -2 (base 5) to base 16.
-2
What is a (base 15) in base 16?
a
37 (base 11) to base 7
55
Convert 1202 (base 4) to base 16.
62
What is 110000 (base 2) in base 8?
60
Convert 10 (base 2) to base 4.
2
What is -14 (base 8) in base 6?
-20
-125 (base 9) to base 3
-10212
What is 8 (base 9) in base 13?
8
-2 (base 7) to base 15
-2
What is -9 (base 11) in base 9?
-10
-35 (base 11) to base 6
-102
Convert 1053 (base 6) to base 14.
13b
Convert 27 (base 12) to base 9.
34
-12 (base 5) to base 15
-7
Convert -1000 (base 2) to base 10.
-8
What is -42 (base 10) in base 4?
-222
What is -102 (base 3) in base 8?
-13
Convert -4 (base 8) to base 6.
-4
8 (base 11) to base 12
8
What is -4 (base 11) in base 13?
-4
Convert 2 (base 5) to base 14.
2
What is -19 (base 13) in base 10?
-22
-7 (base 14) to base 10
-7
Convert -a (base 15) to base 8.
-12
What is 111110 (base 2) in base 12?
52
What is -13 (base 8) in base 11?
-10
Convert 3 (base 11) to base 3.
10
6 (base 15) to base 14
6
-4 (base 6) to base 3
-11
Convert 10110 (base 2) to base 10.
22
Convert 1 (base 3) to base 10.
1
What is 43 (base 5) in base 7?
32
Convert -12 (base 3) to base 9.
-5
What is -14a (base 15) in base 6?
-1211
Convert -162 (base 7) to base 10.
-93
Convert 40 (base 9) to base 16.
24
What is -20 (base 6) in base 16?
-c
Convert 37 (base 13) to base 5.
141
What is 11 (base 12) in base 8?
15
What is 12 (base 4) in base 9?
6
122 (base 3) to base 14
13
Convert -2 (base 10) to base 3.
-2
Convert 1010000 (base 2) to base 10.
80
2 (base 15) to base 14
2
Convert -6 (base 16) to base 2.
-110
Convert 53 (base 13) to base 15.
48
0 (base 16) to base 15
0
Convert 10 (base 12) to base 16.
c
Convert -14 (base 8) to base 14.
-c
Convert -1213 (base 4) to base 6.
-251
5 (base 8) to base 14
5
-6 (base 8) to base 14
-6
-19 (base 10) to base 15
-14
-200 (base 5) to base 11
-46
What is 2 (base 4) in base 10?
2
Convert a4 (base 13) to base 10.
134
Convert 4 (base 6) to base 11.
4
What is -140 (base 9) in base 10?
-117
What is 13 (base 5) in base 16?
8
-17 (base 13) to base 2
-10100
Convert -100 (base 2) to base 12.
-4
Convert -15 (base 9) to base 12.
-12
What is -19b (base 12) in base 9?
-322
-17 (base 10) to base 15
-12
-6 (base 7) to base 9
-6
Convert -11 (base 2) to base 11.
-3
-2 (base 3) to base 8
-2
-224 (base 9) to base 14
-d2
7 (base 8) to base 14
7
-1 (base 6) to base 7
-1
3 (base 16) to base 6
3
What is 2 (base 5) in base 7?
2
-21 (base 7) to base 8
-17
Convert 11 (base 12) to base 11.
12
What is -10 (base 2) in base 12?
-2
Convert -3 (base 16) to base 7.
-3
Convert 10 (base 7) to base 3.
21
What is -1100 (base 2) in base 9?
-13
2 (base 3) to base 11
2
What is -3 (base 11) in base 12?
-3
Convert 233 (base 6) to base 2.
1011101
22 (base 16) to base 10
34
Convert -27 (base 15) to base 2.
-100101
What is -220 (base 3) in base 16?
-18
What is -2 (base 8) in base 14?
-2
What is -50 (base 11) in base 9?
-61
-2211 (base 3) to base 2
-1001100
d (base 16) to base 13
10
0 (base 6) to base 8
0
What is 6 (base 15) in base 5?
11
What is 121 (base 3) in base 15?
11
Convert -11 (base 2) to base 5.
-3
What is -11 (base 2) in base 4?
-3
95 (base 12) to base 5
423
Convert 32 (base 11) to base 12.
2b
What is 12 (base 9) in base 5?
21
What is 3 (base 4) in base 5?
3
Convert -5 (base 16) to base 10.
-5
Convert 6 (base 7) to base 14.
6
What is -155 (base 10) in base 8?
-233
-c (base 15) to base 7
-15
Convert 0 (base 11) to base 15.
0
351 (base 7) to base 15
c3
Convert -110 (base 2) to base 14.
-6
Convert 3b (base 15) to base 16.
38
26 (base 9) to base 10
24
Convert -2 (base 14) to base 12.
-2
-2 (base 15) to base 4
-2
What is -2 (base 10) in base 12?
-2
Convert 3 (base 11) to base 12.
3
Convert -11 (base 11) to base 13.
-c
20 (base 6) to base 12
10
What is -5 (base 15) in base 11?
-5
What is 0 (base 7) in base 10?
0
What is 310 (base 4) in base 14?
3a
120 (base 10) to base 16
78
Convert -13 (base 12) to base 11.
-14
What is 334 (base 7) in base 16?
ac
Convert 313 (base 9) to base 2.
11111111
What is 1 (base 12) in base 5?
1
What is 38 (base 11) in base 6?
105
-15 (base 14) to base 6
-31
Convert 11 (base 6) to base 3.
21
What is 2333 (base 4) in base 11?
164
-1 (base 11) to base 7
-1
Convert -223 (base 7) to base 2.
-1110011
What is 6 (base 13) in base 10?
6
3 (base 14) to base 13
3
Convert 8 (base 15) to base 3.
22
264 (base 7) to base 13
b1
-73 (base 9) to base 10
-66
Convert 262 (base 7) to base 16.
8e
What is -120 (base 3) in base 11?
-14
Convert -13 (base 6) to base 8.
-11
-101 (base 3) to base 11
-a
Convert -12112 (base 3) to base 2.
-10010101
2 (base 7) to base 10
2
What is -3 (base 7) in base 16?
-3
-4 (base 6) to base 15
-4
Convert -21 (base 12) to base 10.
-25
-b (base 14) to base 11
-10
1 (base 3) to base 10
1
Convert -100 (base 2) to base 9.
-4
Convert 10 (base 9) to base 13.
9
What is 2 (base 14) in base 12?
2
Convert 16 (base 8) to base 9.
15
Convert 1 (base 5) to base 8.
1
What is 16 (base 7) in base 9?
14
-8 (base 16) to base 3
-22
Convert 100111 (base 2) to base 6.
103
What is -13 (base 14) in base 2?
-10001
Convert -16 (base 14) to base 9.
-22
-13 (base 5) to base 3
-22
What is 1 (base 8) in base 16?
1
0 (base 13) to base 6
0
What is -a (base 14) in base 8?
-12
What is 6 (base 7) in base 9?
6
2011 (base 3) to base 10
58
-1111100 (base 2) to base 7
-235
Convert -35 (base 12) to base 8.
-51
12 (base 3) to base 6
5
-c (base 16) to base 9
-13
-1 (base 2) to base 15
-1
-43 (base 5) to base 10
-23
Convert 5 (base 13) to base 7.
5
What is 2 (base 12) in base 10?
2
Convert 6 (base 9) to base 12.
6
-1b9 (base 12) to base 13
-18c
Convert -3 (base 8) to base 13.
-3
Convert 41 (base 6) to base 16.
19
Convert -1 (base 13) to base 5.
-1
What is 122 (base 4) in base 16?
1a
-57 (base 12) to base 5
-232
Convert -34 (base 13) to base 14.
-31
-1 (base 8) to base 15
-1
Convert -2344 (base 5) to base 10.
-349
What is -10100 (base 2) in base 12?
-18
Convert -1302 (base 4) to base 2.
-1110010
1 (base 16) to base 2
1
3 (base 5) to base 12
3
What is -21 (base 7) in base 4?
-33
Convert 9 (base 10) to base 14.
9
What is -111 (base 7) in base 2?
-111001
Convert 4 (base 13) to base 3.
11
What is -8c (base 14) in base 15?
-84
125 (base 9) to base 13
80
What is -6 (base 8) in base 14?
-6
10 (base 3) to base 10
3
What is -13 (base 6) in base 16?
-9
110 (base 4) to base 3
202
What is -10122 (base 3) in base 14?
-70
4d (base 15) to base 3
2201
Convert -8 (base 12) to base 16.
-8
What is 15 (base 6) in base 13?
b
-6 (base 16) to base 10
-6
Convert -11 (base 7) to base 12.
-8
What is -18 (base 12) in base 13?
-17
What is -3 (base 16) in base 11?
-3
What is 2 (base 9) in base 7?
2
What is 210 (base 6) in base 15?
53
What is 16 (base 15) in base 14?
17
Co